1. What is the remainder when d is divided by l?
52
Let b(l) = 14*l + 0 + 13*l**2 + 17 - l**3 + 9. What is the remainder when 129 is divided by b(14)?
25
Calculate the remainder when 62 is divided by 3/(-33) - (-156)/22.
6
Let f(c) be the first derivative of -c**4/4 - 11*c**3/3 + 6*c**2 + 4*c + 3. What is the remainder when 19 is divided by f(-12)?
3
Suppose -5*j = 0, -2*w = j - 0*j - 8. Suppose -3*i + 3*t + 60 + 207 = 0, 2*t = -3*i + 277. What is the remainder when i is divided by (19 + w)*(-4)/(-4)?
22
Suppose 15 = -4*d + c, -3*d + 4*c = d + 24. Let x = d + 2. What is the remainder when 24/1 - (-2 - x) is divided by 9?
7
Let o(m) = 4*m - 4. Let i be o(2). Suppose i*u + 15 = 4*t - 5, -5*t = 3*u + 7. What is the remainder when (-88)/u - (-2 - -1) is divided by 6?
5
Let c = 111 + -86. Calculate the remainder when 71 is divided by ((-4)/(-2) - -9) + c + -24.
11
Let t(b) = b**2 + 10*b + 13. Let m be t(-9). Suppose -n = m*n - 65. What is the remainder when 60/(-8)*(-50)/15 is divided by n?
12
Let g(t) = t**3 - 12*t**2 - 11*t - 26. Let d be g(13). Let u(a) = -a**3 + 8*a + 29. What is the remainder when 83 is divided by u(d)?
25
Let q(l) = 11*l - 122. Calculate the remainder when 398 is divided by q(12).
8
Let x(n) = n**2 + 6*n. Let f be (12 - 12) + -2*1. Let a(t) = 2*t**2 + 3. What is the remainder when a(f) is divided by x(-7)?
4
Suppose -x + 28 = -5*h, 7*x - 8*x - 2*h = -35. What is the remainder when 16 is divided by x/12 - (-1)/((-4)/3)?
0
Let h = -49 - -13. Let v = 47 + h. Calculate the remainder when v is divided by 6.
5
Suppose 3*v - 2*r = 2*r - 5, 0 = -5*v + 4*r + 5. Suppose 40 = v*l - 200. Calculate the remainder when l is divided by 2*((-17)/(-2) - 0).
14
Suppose 0 = 3*o - o - 84. Let n = o + -24. Suppose 3*s + 60 = w, -134 = -3*w - 4*s + 7. What is the remainder when w is divided by n?
15
Let l be ((-6)/(-8))/(3/(-84)). Let x be (74/1)/2 - -1. Let k = x + l. Calculate the remainder when k is divided by 9.
8
Let w = 47 + -14. Suppose -3*g + 5*y + 170 = 0, 4*g + 4*y - 250 = 6*y. Calculate the remainder when g is divided by w.
32
Suppose -3*p = 5*h - 1135, -7*p + 5*p + 778 = -2*h. Calculate the remainder when p is divided by 14.
7
Let x = 388 - 321. What is the remainder when x is divided by 23?
21
Suppose 2*z + 6 = 0, 8*w - 4*z - 696 = 4*w. Calculate the remainder when w is divided by 30.
21
Let v(x) = 2*x**2 + 8*x - 253. Calculate the remainder when v(-18) is divided by 23.
21
Suppose o - t - 64 = t, 2*t + 304 = 5*o. What is the remainder when 96 is divided by o?
36
Let s(x) = 39*x**2 + 14*x - 33. Calculate the remainder when s(6) is divided by 7.
6
Let u = 13 - 13. Suppose -56 = 4*b - u*b. Calculate the remainder when 50 is divided by ((-26)/4)/(b/28).
11
Suppose 688 + 278 = 23*j. Calculate the remainder when 251 is divided by j.
41
Let p(i) = i**2 + 16. Let a(d) = -2*d**2 - 20*d - 4. Calculate the remainder when a(-6) is divided by p(0).
12
Suppose 0 = w - 2*c - 28, 6*w = 3*w + 5*c + 89. Suppose -42 = -2*o + w. What is the remainder when o is divided by 12?
4
What is the remainder when 1/(-2) + (-597)/(-2) is divided by 10?
8
Suppose -5*n + 589 = j, 4*j = 2*n - n - 101. Let r = 3236 - 3206. Calculate the remainder when n is divided by r.
27
Let n(s) = 54*s**3 - 2*s**2 + 1. Let i = -537 - -564. Calculate the remainder when n(1) is divided by i.
26
Let v be (3 + -5)/(4/(-6)). Suppose -2*h = v*j - 21, 7*j - 3*j = -4*h + 44. Calculate the remainder when 23 is divided by h.
11
Let u = 9 + 8. Suppose -3*r = -7*r + 5*d + 62, -r = -2*d - u. What is the remainder when 74 is divided by r?
9
Let j = 46 + -41. Calculate the remainder when 56 is divided by 8*(j/(-2))/(-1).
16
Let g(s) = 4*s - 2*s - 3*s + 2*s + 11. Let l be g(-9). Suppose -24 = -c - 2*p, -3*p + 5 - 18 = -l*c. Calculate the remainder when 54 is divided by c.
12
What is the remainder when -5 + 6 + 220 - 5/(-1) is divided by 76?
74
Let c = 12 - 18. Let d = c - -10. Calculate the remainder when 365/40 - ((-34)/(-16) + -2) is divided by d.
1
Let b(h) = 13*h**2 - 181*h + 12. Calculate the remainder when 119 is divided by b(14).
15
Let j(f) = f**2 - 6*f - 4. Let z be j(-3). Suppose 2*n - z - 27 = 0. Calculate the remainder when 123 is divided by n.
23
Suppose 48 = 4*g + 4*x, 2*g = -3*g - 2*x + 57. Let f be 2 + 5/((-5)/(-9)). Calculate the remainder when g is divided by 1/2 - f/(-2).
5
Suppose 48 = h + 5*j, 26 = 2*h + 5*j - 75. Calculate the remainder when 687 is divided by h.
51
What is the remainder when 122 is divided by -5*(-1969)/165 + 2/(-3)?
4
Suppose -6*r = 3*r - 369. Let m = 26 + -12. Calculate the remainder when r is divided by m.
13
Let w = -64 - -67. Let g(i) = 3*i**2 - 2*i + 1. What is the remainder when w is divided by g(1)?
1
Suppose 9*t - 525 = -12*t. Calculate the remainder when t is divided by 1*4 - 39/(-13).
4
Suppose -12*y = 6*y - 396. What is the remainder when y is divided by 13?
9
Let b = 568 - 562. Calculate the remainder when 274 is divided by b.
4
Let j(z) = 7*z**3 + 48*z**2 - 8*z + 11. Calculate the remainder when 26 is divided by j(-7).
8
Suppose 0 = 5*n + o - 907 - 88, -597 = -3*n - 5*o. What is the remainder when n is divided by 100?
99
Let j = 119 + -71. What is the remainder when 49 is divided by j?
1
Calculate the remainder when 45 is divided by 3/(-12) + (-217)/28 + 9.
0
Let j = 0 + -4. Let b be -10*1*2/j. Let g = b - -13. Calculate the remainder when g is divided by 5.
3
Let v = 783 + -622. What is the remainder when v is divided by 44?
29
Suppose -3*f + 230 = -100. Suppose 2*r - 5*p - 114 = r, -4*p - f = -r. Calculate the remainder when r is divided by (32/(-10))/(3/(-30)).
30
Let t be 5/(-30) - 47/6. Let n(o) = -o**3 - 8*o**2 - 8*o. Calculate the remainder when n(t) is divided by 13.
12
Let u(a) = -2*a**2 + 29*a - 35. Calculate the remainder when u(11) is divided by 17.
8
Suppose g - 70 = -4*u, 6*u - 3*u = -3*g + 165. Let i = -23 + g. Calculate the remainder when 76 is divided by i.
22
Suppose -4*t + 21 = c, 8*t - 2*c = 11*t - 12. Calculate the remainder when 10 is divided by 99/22*(14/t + -1).
4
Let j(o) = o**3 + 22*o**2 + 7*o + 25. What is the remainder when j(-21) is divided by 46?
43
Let h(m) = -7 - 9 - 5 + 7*m**2 - 1 + 29*m. Let j(n) = -10*n**2 - 44*n + 33. Let t(k) = 7*h(k) + 5*j(k). What is the remainder when 81 is divided by t(-15)?
40
Calculate the remainder when 219 is divided by (-495440)/(-5104) + 2/(-29).
25
Let z(n) = -2*n**2 - 5. Let w be z(2). Let l = w + 20. What is the remainder when 18 is divided by l?
4
Let q(a) = -a**3 - 14*a**2 - 10*a - 33. Let k = 117 - 131. What is the remainder when q(k) is divided by 11?
8
Let m = -103 + 130. What is the remainder when (-2 - 102 - 2)/(-1) is divided by m?
25
Let a be 1/3*21*1. Suppose 3*g + 8 = -a, -2*m + 20 = -2*g. What is the remainder when 39 is divided by m?
4
Suppose -350 = 4*c - 18*c. Calculate the remainder when 65 is divided by c.
15
Suppose 27*v = -7*v + 1700. What is the remainder when 398 is divided by v?
48
Suppose 185 = 8*y - 111. What is the remainder when y is divided by 10?
7
Let f(q) = q + 8. Let z be f(-3). Let v be 4683/(-105) - 2/z. Let t = -18 - v. Calculate the remainder when 51 is divided by t.
24
Let f(i) = -338*i + 4455. What is the remainder when f(13) is divided by (-34)/(-3) + (-3)/9?
6
Suppose 5*x - 28 = 3*m + 9, 5*m = 4*x - 40. What is the remainder when 15 is divided by m/6*((-12)/(-2))/(-1)?
3
Let y(l) = l**3 + 10*l**2 + 15*l + 23. Let b be y(-6). Suppose 4*z + 4*c - 413 = -z, b = z - 2*c. What is the remainder when z is divided by 14?
11
What is the remainder when 8/5*(-100)/(-40) + 55 is divided by 39?
20
Let p(d) = d**3 - 2*d**2 - 5*d + 6. Let j = 10 + -16. Let o = j - -40. Calculate the remainder when o is divided by p(4).
16
Suppose -3*b = 5*p - 115, 0 = -0*p + 2*p - 4*b - 46. Let i(s) = -s**2 - 2*s + 3. Let c be i(-3). What is the remainder when (c + 26)*21/6 is divided by p?
22
Let d be -4 + (-4)/3 + 2912/24. Let o = -104 + d. Calculate the remainder when 44 is divided by o.
8
Let c = 92 + -71. Suppose 17*a = c*a - 96. What is the remainder when a is divided by 7*1 + (1 - -1)?
6
Suppose -2*f + 139 = 3*u, 4*f + 2*u - 284 = -2*u. Calculate the remainder when 201 is divided by f.
53
Suppose 5*n + 33 - 348 = 0. Let s(y) = -y**3 - 4*y**2 + 2*y + 8. Let m be 